{"id":8085,"date":"2026-02-19T12:21:03","date_gmt":"2026-02-19T18:21:03","guid":{"rendered":"https:\/\/tonerxperts.mx\/?post_type=product&#038;p=8085"},"modified":"2026-04-07T12:27:41","modified_gmt":"2026-04-07T18:27:41","slug":"multifuncional-epson-ecotank-m3180-monocromatica-39-ppm","status":"publish","type":"product","link":"https:\/\/tonerxperts.mx\/index.php\/product\/multifuncional-epson-ecotank-m3180-monocromatica-39-ppm\/","title":{"rendered":"Multifuncional Epson EcoTank M3180 Monocrom\u00e1tica 39 ppm"},"content":{"rendered":"<p><!--StartFragment --><\/p>\n<p>La Epson EcoTank M3180 es una multifuncional monocrom\u00e1tica 4 en 1 (imprime, copia, escanea y fax) dise\u00f1ada para grupos de trabajo que buscan alto rendimiento y bajo costo operativo. Gracias a la tecnolog\u00eda PrecisionCore\u00ae y Heat-Free, ofrece impresiones r\u00e1pidas y de calidad profesional con un costo por p\u00e1gina hasta 90% menor que las impresoras l\u00e1ser. Incluye ADF (alimentador autom\u00e1tico de documentos), impresi\u00f3n d\u00faplex autom\u00e1tica y conectividad completa: USB, Wi-Fi y Ethernet, lo que la hace ideal para oficinas modernas<\/p>\n<p><!--EndFragment --><\/p>\n<p><strong>\u26a0\ufe0f Este producto se maneja sobre pedido, escr\u00edbenos por Whatsapp para confirmar los tiempos de entrega<\/strong><\/p>\n","protected":false},"excerpt":{"rendered":"<p>Multifuncional Epson EcoTank M3180 monocrom\u00e1tica, impresi\u00f3n d\u00faplex autom\u00e1tica, 39 ppm, conectividad USB, Wi-Fi y Ethernet.<\/p>\n<p><strong>\u26a0\ufe0f Este producto se maneja sobre pedido, escr\u00edbenos por Whatsapp para confirmar los tiempos de entrega<\/strong><\/p>\n","protected":false},"featured_media":8086,"comment_status":"open","ping_status":"closed","template":"","meta":[],"product_brand":[],"product_cat":[1598,419,1655],"product_tag":[],"class_list":{"0":"post-8085","1":"product","2":"type-product","3":"status-publish","4":"has-post-thumbnail","6":"product_cat-epson","7":"product_cat-equipos-impresion","8":"product_cat-sobre-pedido","10":"first","11":"instock","12":"shipping-taxable","13":"product-type-external"},"_links":{"self":[{"href":"https:\/\/tonerxperts.mx\/index.php\/wp-json\/wp\/v2\/product\/8085","targetHints":{"allow":["GET"]}}],"collection":[{"href":"https:\/\/tonerxperts.mx\/index.php\/wp-json\/wp\/v2\/product"}],"about":[{"href":"https:\/\/tonerxperts.mx\/index.php\/wp-json\/wp\/v2\/types\/product"}],"replies":[{"embeddable":true,"href":"https:\/\/tonerxperts.mx\/index.php\/wp-json\/wp\/v2\/comments?post=8085"}],"wp:featuredmedia":[{"embeddable":true,"href":"https:\/\/tonerxperts.mx\/index.php\/wp-json\/wp\/v2\/media\/8086"}],"wp:attachment":[{"href":"https:\/\/tonerxperts.mx\/index.php\/wp-json\/wp\/v2\/media?parent=8085"}],"wp:term":[{"taxonomy":"product_brand","embeddable":true,"href":"https:\/\/tonerxperts.mx\/index.php\/wp-json\/wp\/v2\/product_brand?post=8085"},{"taxonomy":"product_cat","embeddable":true,"href":"https:\/\/tonerxperts.mx\/index.php\/wp-json\/wp\/v2\/product_cat?post=8085"},{"taxonomy":"product_tag","embeddable":true,"href":"https:\/\/tonerxperts.mx\/index.php\/wp-json\/wp\/v2\/product_tag?post=8085"}],"curies":[{"name":"wp","href":"https:\/\/api.w.org\/{rel}","templated":true}]}}